 is the units digit of 563?
3
What is the tens digit of 5111?
1
What is the hundreds digit of 18202?
2
What is the units digit of 8259?
9
What is the ten thousands digit of 37070?
3
What is the units digit of 465?
5
What is the hundreds digit of 8518?
5
What is the thousands digit of 124810?
4
What is the tens digit of 16447?
4
What is the units digit of 1057?
7
What is the tens digit of 6830?
3
What is the hundreds digit of 1078?
0
What is the units digit of 738?
8
What is the units digit of 2679?
9
What is the hundreds digit of 24872?
8
What is the units digit of 5?
5
What is the units digit of 190?
0
What is the units digit of 1198?
8
What is the hundreds digit of 2426?
4
What is the tens digit of 852?
5
What is the units digit of 128321?
1
What is the units digit of 24034?
4
What is the units digit of 2571?
1
What is the hundreds digit of 894?
8
What is the units digit of 23711?
1
What is the thousands digit of 64594?
4
What is the tens digit of 3687?
8
What is the hundreds digit of 1361?
3
What is the hundreds digit of 124844?
8
What is the tens digit of 14712?
1
What is the thousands digit of 36305?
6
What is the hundreds digit of 882?
8
What is the thousands digit of 6119?
6
What is the tens digit of 52909?
0
What is the hundreds digit of 423?
4
What is the units digit of 910?
0
What is the hundreds digit of 10368?
3
What is the hundreds digit of 35445?
4
What is the units digit of 1580?
0
What is the thousands digit of 1101?
1
What is the units digit of 209?
9
What is the units digit of 4983?
3
What is the tens digit of 21920?
2
What is the hundreds digit of 14519?
5
What is the units digit of 100?
0
What is the tens digit of 15428?
2
What is the thousands digit of 17923?
7
What is the tens digit of 23827?
2
What is the hundreds digit of 18179?
1
What is the hundreds digit of 571?
5
What is the hundreds digit of 616?
6
What is the thousands digit of 4544?
4
What is the tens digit of 800?
0
What is the hundreds digit of 6984?
9
What is the units digit of 6389?
9
What is the thousands digit of 2515?
2
What is the tens digit of 3402?
0
What is the hundreds digit of 22601?
6
What is the units digit of 4002?
2
What is the units digit of 7882?
2
What is the tens digit of 76858?
5
What is the tens digit of 535?
3
What is the units digit of 162?
2
What is the units digit of 1803?
3
What is the tens digit of 41180?
8
What is the tens digit of 7365?
6
What is the hundreds digit of 14888?
8
What is the thousands digit of 24893?
4
What is the units digit of 63107?
7
What is the tens digit of 13338?
3
What is the hundreds digit of 9084?
0
What is the units digit of 6393?
3
What is the hundreds digit of 4812?
8
What is the hundreds digit of 3405?
4
What is the units digit of 1124?
4
What is the thousands digit of 16168?
6
What is the thousands digit of 3417?
3
What is the thousands digit of 27461?
7
What is the thousands digit of 2024?
2
What is the tens digit of 12422?
2
What is the tens digit of 2930?
3
What is the hundreds digit of 8127?
1
What is the units digit of 2701?
1
What is the thousands digit of 68092?
8
What is the units digit of 1379?
9
What is the thousands digit of 97046?
7
What is the units digit of 4853?
3
What is the hundreds digit of 118965?
9
What is the hundreds digit of 3366?
3
What is the ten thousands digit of 30679?
3
What is the tens digit of 444?
4
What is the tens digit of 68440?
4
What is the hundreds digit of 11926?
9
What is the hundreds digit of 332?
3
What is the tens digit of 23566?
6
What is the units digit of 5121?
1
What is the hundreds digit of 7831?
8
What is the tens digit of 42584?
8
What is the tens digit of 362?
6
What is the units digit of 4668?
8
What is the hundreds digit of 5315?
3
What is the hundreds digit of 257?
2
What is the units digit of 3956?
6
What is the ten thousands digit of 90854?
9
What is the units digit of 5968?
8
What is the tens digit of 25227?
2
What is the units digit of 2883?
3
What is the hundreds digit of 5010?
0
What is the thousands digit of 9941?
9
What is the tens digit of 38584?
8
What is the hundreds digit of 583?
5
What is the units digit of 2346?
6
What is the units digit of 109419?
9
What is the units digit of 2240?
0
What is the tens digit of 154652?
5
What is the tens digit of 9416?
1
What is the ten thousands digit of 77578?
7
What is the tens digit of 8513?
1
What is the hundreds digit of 103?
1
What is the tens digit of 3975?
7
What is the tens digit of 4387?
8
What is the ten thousands digit of 30788?
3
What is the units digit of 49691?
1
What is the units digit of 5844?
4
What is the units digit of 755?
5
What is the tens digit of 1892?
9
What is the units digit of 1134?
4
What is the units digit of 6957?
7
What is the thousands digit of 5767?
5
What is the units digit of 2203?
3
What is the ten thousands digit of 131555?
3
What is the tens digit of 7252?
5
What is the units digit of 1885?
5
What is the ten thousands digit of 155472?
5
What is the tens digit of 8776?
7
What is the units digit of 2372?
2
What is the hundreds digit of 2246?
2
What is the hundreds digit of 86778?
7
What is the thousands digit of 3054?
3
What is the tens digit of 2795?
9
What is the hundreds digit of 9002?
0
What is the thousands digit of 92880?
2
What is the hundreds digit of 558?
5
What is the ten thousands digit of 71854?
7
What is the hundreds digit of 3623?
6
What is the units digit of 23372?
2
What is the units digit of 18565?
5
What is the units digit of 12270?
0
What is the thousands digit of 2170?
2
What is the hundreds digit of 4353?
3
What is the units digit of 1939?
9
What is the tens digit of 7316?
1
What is the hundreds digit of 1535?
5
What is the hundreds digit of 10105?
1
What is the units digit of 1652?
2
What is the thousands digit of 1429?
1
What is the hundreds digit of 8458?
4
What is the thousands digit of 10274?
0
What is the units digit of 7051?
1
What is the hundreds digit of 162841?
8
What is the tens digit of 2105?
0
What is the thousands digit of 1297?
1
What is the tens digit of 8259?
5
What is the tens digit of 18621?
2
What is the ten thousands digit of 19417?
1
What is the hundreds digit of 2119?
1
What is the thousands digit of 59625?
9
What is the units digit of 91?
1
What is the units digit of 4103?
3
What is the thousands digit of 18069?
8
What is the thousands digit of 25762?
5
What is the thousands digit of 16875?
6
What is the thousands digit of 2392?
2
What is the units digit of 1935?
5
What is the tens digit of 479?
7
What is the hundreds digit of 7375?
3
What is the thousands digit of 2935?
2
What is the hundreds digit of 1705?
7
What is the units digit of 47475?
5
What is the units digit of 1936?
6
What is the ten thousands digit of 84845?
8
What is the units digit of 5?
5
What is the thousands digit of 6200?
6
What is the ten thousands digit of 85890?
8
What is the hundreds digit of 9312?
3
What is the hundreds digit of 1852?
8
What is the tens digit of 379?
7
What is the hundreds digit of 1694?
6
What is the units digit of 60094?
4
What is the hundreds digit of 4848?
8
What is the tens digit of 761?
6
What is the units digit of 1391?
1
What is the tens digit of 565?
6
What is the thousands digit of 9491?
9
What is the units digit of 3973?
3
What is the thousands digit of 4090?
4
What is the hundreds digit of 7917?
9
What is the ten thousands digit of 38460?
3
What is the ten thousands digit of 60046?
6
What is the hundreds digit of 38906?
9
What is the units digit of 2543?
3
What is the hundreds digit of 1384?
3
What is the tens digit of 17013?
1
What is the ten thousands digit of 10070?
1
What is the tens digit of 10106?
0
What is the units digit of 18?
8
What is the ten thousands digit of 135717?
3
What is the tens digit of 12572?
7
What is the tens digit of 878?
7
What is the thousands digit of 3324?
3
What is the tens digit of 4901?
0
What is the hundreds digit of 14006?
0
What is the hundreds digit of 16376?
3
What is the units digit of 1446?
6
What is the units digit of 8858?
8
What is the tens digit of 1629?
2
What is the tens digit of 3933?
3
What is the hundreds digit of 1431?
4
What is the ten thousands digit of 69050?
6
What is the hundreds digit of 1854?
8
What is the hundreds digit of 5656?
6
What is the thousands digit o